
3
Let u(o) be the second derivative of 4*o**4/3 - o**2/2 - 5*o. What is the tens digit of u(1)?
1
Suppose -4*i + 16 + 25 = 5*p, 2*p - 2 = 2*i. Suppose -21 = 2*n - 249. Suppose -h = -5*y + 85, n - 14 = p*y + 2*h. What is the tens digit of y?
1
Let d be 232/6 + (-1)/(-3). Suppose 3*t + 2*u = 43, d = -5*t - 3*u + 110. What is the tens digit of t?
1
Let r(d) = d**2 + 14*d + 3. What is the units digit of r(-14)?
3
Let i = -1 - -6. Suppose 4*l - 8 = -2*h, -i*l + 5*h + 19 + 21 = 0. Suppose z - 11 = -l. What is the units digit of z?
7
Let u = -241 + 487. What is the hundreds digit of u?
2
Let c = -4 + -1. Let z = c - -7. Suppose 0 = -z*o + 4*v + 10, 2*v + 2*v + 37 = 5*o. What is the units digit of o?
9
Let o(i) = i**3 + 14*i**2 + 12*i + 2. What is the hundreds digit of o(-5)?
1
Suppose -a + 5*a - 240 = 0. What is the tens digit of a?
6
Let t(i) be the third derivative of 0 - 3*i**2 + 0*i - 1/120*i**6 - 1/8*i**4 + 1/10*i**5 + 1/2*i**3. What is the tens digit of t(4)?
2
Let k = -5 - 15. Let p = k - -30. What is the tens digit of p?
1
Let t be (-14)/(-3)*(-6)/(-4). Suppose -h - 152 = -5*u, t*u - 100 = 4*u + 5*h. What is the units digit of u?
0
What is the units digit of 5/(15/99) + 4?
7
Let h = 6 + -10. Let p(o) = 2 - o + o - o. What is the units digit of p(h)?
6
Suppose -4*q - 4 + 12 = 0. Suppose 0 = -0*h + q*h - 2. Let t = 1 + h. What is the units digit of t?
2
Let m(b) = 4*b + 6. Let t(k) = k - 1. Let p(j) = -m(j) + 2*t(j). Let s be p(-9). Suppose 6*x = 5*x + s. What is the units digit of x?
0
Let h = -7 + 8. What is the units digit of (h*-1)/((-4)/52)?
3
Suppose c - 23 = 19. Suppose d + c = 13. What is the tens digit of 3/9 + d/(-3)?
1
Suppose 10*c + 52 = 14*c. What is the units digit of c?
3
Suppose -5*v = -21 - 34. Suppose -v = 3*m - 71. Suppose -m = -4*z + 12. What is the units digit of z?
8
Let o(u) = -u - 5. Let n be o(-8). Let i(s) = 2 - 3*s**n + 4*s + 2*s**3 - 7*s + 4*s**2. What is the units digit of i(3)?
2
Suppose -29 = -3*u + 40. What is the tens digit of u?
2
Let q = -18 - -224. What is the units digit of q?
6
Let u(i) = -i**3 - 2*i**2 + 6*i + 4. Suppose -b - m = 8, 0*m + 20 = -4*b - m. What is the units digit of u(b)?
2
Let s = 3 - 1. Suppose -2*c - 3*c = -3*g + 48, 3*g = 3*c + 48. What is the units digit of g/12 + s/3?
2
Let y(a) = -a - 12. Suppose 0 = -2*s - 2*s - 36. Let d be y(s). What is the units digit of (-1 - d)*1 + 1?
3
Let y(r) = -r**2 + 6*r - 6. Let w be y(4). Suppose 0 = -w*b + 5*b + 90. What is the units digit of (-1)/(((-6)/(-3))/b)?
5
Suppose -5*n - 3 = -4*m, -4*n + 3*m = 4*m - 6. Let z be -2 - (n - 1) - -4. Suppose 4*t + 10 = h + t, z*t - 12 = -4*h. What is the units digit of h?
4
Suppose 16*n - 14*n = 86. What is the units digit of n?
3
Suppose 5*k - 539 = -2*k. What is the units digit of k?
7
Let z(o) = 2*o**2 + 6*o - 6. Let r be z(-6). Suppose -k = 5 - r. What is the tens digit of k?
2
Let m(h) = h**3 - 6*h**2 - 8*h + 10. What is the units digit of m(7)?
3
Suppose -24 = -d + 48. What is the units digit of d?
2
Let m = 1 + -1. Suppose d + 1 = -3*w + 17, m = -5*d - 2*w + 41. What is the units digit of d?
7
Suppose 4*d - 10 = 150. Suppose -5*z + d = -0*z - 5*c, 4*z - 20 = c. Suppose 4*s - 4 = z. What is the units digit of s?
2
Let m(l) = 4*l - 11. Let c be m(10). Suppose 3*r - 22 = c. What is the tens digit of r?
1
Let a = -138 - -203. What is the units digit of a?
5
Suppose 0 = -5*o + 5*x + 260, o + 2*x - 46 = -9. What is the tens digit of o?
4
Let f = 10 - 1. What is the units digit of f?
9
Let u be 10/(-6) + 2/(-6). Let z be (-2)/((-3)/(-12)*u). Suppose -5*a + 9 = -z*h, 3*h + 3 = -a + 1. What is the units digit of a?
1
Let d(s) = s**2 - s**3 + 0*s**2 + 0*s**2 + 1 + s. Let m(q) = -q**3 - 4*q**2 + 4*q - 5. Let p be m(-5). What is the units digit of d(p)?
1
Let r be (109/(-3))/(2/(-6)). Suppose -3*x + 4*z + 104 = 0, x = -2*x - z + r. What is the tens digit of x?
3
Let d = 57 + -36. Suppose -3*r + 6*r - d = 0. What is the units digit of r?
7
Suppose p - 6 - 161 = 0. What is the tens digit of p?
6
Let l be 3 - 0 - (6 + -7). Suppose -l*d + 47 = -17. Let z = d + -10. What is the units digit of z?
6
What is the units digit of (334 - -26)*3/4?
0
Let p(m) be the third derivative of -m**5/60 + m**4/3 - 2*m**3/3 + 2*m**2. Let h(n) = 1. Let r(w) = 3*h(w) + p(w). What is the tens digit of r(6)?
1
Suppose 5 = 4*m - 7. Suppose -5*q - m*k = 4, 3*q - q = 4*k - 12. What is the units digit of (3/q)/((-6)/32)?
8
Let v(j) = j + 2. Let k be v(-2). Let r be -3 + (2 - k/2). What is the units digit of 5*(r - (0 + -2))?
5
Let v be (-6)/14 + 30/21. Suppose 2*q + v = 3*l + 3*q, 4*q + 4 = -4*l. What is the units digit of l?
1
Suppose 4*k + 186 = 10*k. What is the tens digit of k?
3
Let y(f) = -f**2 + 10*f + 247. What is the hundreds digit of y(0)?
2
Suppose 0 = 8*f - 15*f + 980. What is the units digit of f?
0
Let m be (-27)/(-5) - (-6)/(-15). Suppose 2*n + m = 1. What is the units digit of (-37)/(-3) + n/6?
2
Suppose -14*v = -5 - 9. What is the units digit of v?
1
Suppose 4*c + 2 = 5*c. Let b(o) = 4*o**3 - 2*o + 2. Let t be b(c). Suppose 5 = 5*k - t. What is the units digit of k?
7
Let l = 57 + 48. What is the units digit of l?
5
Let m(f) = f**3 - f**2 + 2*f + 49. What is the units digit of m(0)?
9
Let d be (-3)/(-2)*(-12)/(-9). Suppose -u = -0*j - d*j + 10, 0 = 5*j - u - 19. Let l(z) = z**3 - 3*z**2 + 4*z - 4. What is the units digit of l(j)?
8
Let y = -96 - -324. What is the units digit of y?
8
Let f be (1 + 0)/((-5)/(-50)). Suppose -f*i + 88 = -6*i. What is the tens digit of i?
2
Suppose -3*p = -3*r + 4 - 28, -16 = -p - 3*r. Let u = p - 6. Suppose 4*a + 12 = u*f, -3*a + 1 = -2*f + f. What is the units digit of a?
2
Let u = -3 + 6. Suppose -3 = -u*c + 3. What is the units digit of c?
2
Suppose 2*h = -0*o + o - 123, -h = o - 114. What is the tens digit of 0 - 2 - o/(-3)?
3
Let c = -80 + 117. What is the tens digit of c?
3
Let c = 147 + -29. What is the hundreds digit of c?
1
Suppose -8 = -3*s - 2. Let h(v) = 8*v + 3*v**3 - 3 - 4*v - v**2 - 3*v**2. What is the tens digit of h(s)?
1
Suppose -4*c = -20, 2*p + 3*c + c - 286 = 0. What is the hundreds digit of p?
1
Suppose -7*p = -4*p - 6. Suppose -4 = n - p, -30 = -5*a - 5*n. What is the units digit of a?
8
Suppose i + 27 - 87 = 0. Let h = i + -23. What is the tens digit of h?
3
Let q(z) = 6*z - 10. What is the units digit of q(4)?
4
Let t(g) = -g**2 - 3*g + 7. Let h be t(-7). Let f be h + (1 - 1)/1. What is the units digit of (-237)/f - (-4)/(-14)?
1
Suppose -3*w - 5*a + 6*a = -939, -927 = -3*w + 5*a. What is the units digit of w?
4
Let w be -18*1*(0 - 1). Let k = 2 - w. What is the tens digit of 9/((-2)/(k/6))?
1
Let w(i) = i**3 - 6*i**2 + 6*i. What is the units digit of w(5)?
5
Let i(c) = -c**2 - 7*c + 8. Let q be i(-7). Let n(h) = -h + 13. What is the units digit of n(q)?
5
Let r be (6 - -1) + -2*1. Let d = r + -1. Suppose -56 = -d*b + 5*y, -3*y - 2 = b - 16. What is the units digit of b?
4
Suppose 0 = -w - 2*w. Suppose -3*z + u + 49 = 0, w*u + 1 = -u. What is the units digit of z?
6
Let a(v) = 7*v**3 - 21*v**2 + 14*v + 3. Let i(m) = 3*m**3 - 10*m**2 + 7*m + 1. Let z = 8 - 6. Let c(k) = z*a(k) - 5*i(k). What is the units digit of c(7)?
1
Let k(a) = a**3 + 6*a**2 + 8. Let p be k(-6). Suppose -76 = -p*b + 4*b. What is the tens digit of b?
1
Let m(q) = 13*q + 9. What is the hundreds digit of m(9)?
1
Suppose -5*r + 15 = 3*h, -5*h - 3*r + 25 = -0*r. What is the units digit of h?
5
Let u be (-1 - 1)/(2 - 0). What is the units digit of 1/((-24)/(-21) + u)?
7
Let s(g) = -g - 3. Suppose 0 = 2*m - 8, -2*m = 2*u - 4*m + 42. Let q = 11 + u. What is the units digit of s(q)?
3
Let o be 4*((-74)/4 - -1). What is the tens digit of (-121)/(-7) - (-20)/o?
1
Suppose -28 = -8*u + 6*u. What is the tens digit of u?
1
Let x(f) = -f - 2. Let i be (0 - -4)/(0 + 2). Suppose 32 = -2*r + 4*w, -10 = -2*w - i. What is the units digit of x(r)?
6
Suppose -5*o + 11 + 8 = -f, -4*o = -20. Let w(x) = 5*x**2 + 12*x + 5. Let h(d) = -3*d**2 - 8*d - 3. Let y(v) = 8*h(v) + 5*w(v). What is the units digit of y(f)?
3
Let g be (0 + 1/1)*0. Suppose g = -3*t + 5*t - 8. Suppose -r - t = 5*c, 5*r = -c + 2*c + 6. What is the units digit of r?
1
Let b be (-7)/(-14) - 13/(-2). Let m = 6 + b. What is the tens digit of m?
1
Suppose -3*y + 4*c =